{"id":90980,"date":"2025-08-14T15:02:16","date_gmt":"2025-08-14T13:02:16","guid":{"rendered":"https:\/\/www.czechspaceweek.com\/?post_type=mec-events&#038;p=90980"},"modified":"2025-10-02T13:29:36","modified_gmt":"2025-10-02T11:29:36","slug":"workshop-copernicus","status":"publish","type":"mec-events","link":"https:\/\/www.czechspaceweek.com\/en\/akce-czechspace\/workshop-copernicus\/","title":{"rendered":"Workshop Copernicus"},"content":{"rendered":"\t\t<div data-elementor-type=\"wp-post\" data-elementor-id=\"90980\" class=\"elementor elementor-90980 elementor-90431\" data-elementor-post-type=\"mec-events\">\n\t\t\t\t<div class=\"elementor-element elementor-element-5f18b38 e-flex e-con-boxed e-con e-parent\" data-id=\"5f18b38\" data-element_type=\"container\" data-e-type=\"container\">\n\t\t\t\t\t<div class=\"e-con-inner\">\n\t\t\t\t<div class=\"elementor-element elementor-element-0ce58de elementor-widget elementor-widget-text-editor\" data-id=\"0ce58de\" data-element_type=\"widget\" data-e-type=\"widget\" data-widget_type=\"text-editor.default\">\n\t\t\t\t<div class=\"elementor-widget-container\">\n\t\t\t\t\t\t\t\t\t<h1>Workshop Copernicus<\/h1>\n<p><span data-sheets-root=\"1\">V r\u00e1mci konference&nbsp;<a href=\"https:\/\/copernicus.chmi.cz\/index.php\/ceske-uzivatelske-forum-copernicus-a-dalkovy-pruzkum-zeme-2025\/\" target=\"_blank\">\u010cesk\u00e9 u\u017eivatelsk\u00e9 f\u00f3rum Copernicus a d\u00e1lkov\u00fd pr\u016fzkum Zem\u011b 2025<\/a>&nbsp;se uskute\u010dn\u00ed workshop po\u0159\u00e1dan\u00fd slu\u017ebou Copernicus Climate Change Service v prostor\u00e1ch Konferen\u010dn\u00edho centra City. Program bude rozd\u011blen do dvou \u00farovn\u00ed, pro za\u010d\u00e1te\u010dn\u00edky i pro pokro\u010dil\u00e9 u\u017eivatele dat, tak\u017ee si ka\u017ed\u00fd najde to sv\u00e9. \u00da\u010dastn\u00edci se nau\u010d\u00ed prakticky pracovat s klimatick\u00fdmi daty, z\u00edskaj\u00ed tipy pro jejich anal\u00fdzu a p\u0159\u00edklady vyu\u017eit\u00ed v re\u00e1ln\u00fdch projektech. Ide\u00e1ln\u00ed p\u0159\u00edle\u017eitost propojit teorii s prax\u00ed a roz\u0161\u00ed\u0159it sv\u00e9 dovednosti. Workshop prob\u011bhne v anglick\u00e9m jazyce.<\/span><\/p>\t\t\t\t\t\t\t\t<\/div>\n\t\t\t\t<\/div>\n\t\t\t\t\t<\/div>\n\t\t\t\t<\/div>\n\t\t\t\t<\/div>\n\t\t","protected":false},"excerpt":{"rendered":"<p>Workshop Copernicus As part of the Czech User Forum on Copernicus and Earth Observation 2025, a workshop organised by the Copernicus Climate Change Service will take place at the City Conference Centre. The programme will be divided into two levels, for beginners and for advanced data users, so that everyone can find the option that&hellip;<\/p>\n","protected":false},"author":4,"featured_media":90527,"comment_status":"closed","ping_status":"closed","template":"","tags":[],"mec_category":[272,385],"class_list":["post-90980","mec-events","type-mec-events","status-publish","has-post-thumbnail","hentry","mec_category-csw-en","mec_category-r-d"],"yoast_head":"<!-- This site is optimized with the Yoast SEO plugin v27.5 - https:\/\/yoast.com\/product\/yoast-seo-wordpress\/ -->\n<title>Workshop Copernicus - Czech Space Week<\/title>\n<meta name=\"robots\" content=\"index, follow, max-snippet:-1, max-image-preview:large, max-video-preview:-1\" \/>\n<link rel=\"canonical\" href=\"https:\/\/www.czechspaceweek.com\/en\/akce-czechspace\/workshop-copernicus\/\" \/>\n<meta property=\"og:locale\" content=\"en_US\" \/>\n<meta property=\"og:type\" content=\"article\" \/>\n<meta property=\"og:title\" content=\"Workshop Copernicus - Czech Space Week\" \/>\n<meta property=\"og:description\" content=\"Workshop Copernicus As part of the Czech User Forum on Copernicus and Earth Observation 2025, a workshop organised by the Copernicus Climate Change Service will take place at the City Conference Centre. The programme will be divided into two levels, for beginners and for advanced data users, so that everyone can find the option that&hellip;\" \/>\n<meta property=\"og:url\" content=\"https:\/\/www.czechspaceweek.com\/en\/akce-czechspace\/workshop-copernicus\/\" \/>\n<meta property=\"og:site_name\" content=\"Czech Space Week\" \/>\n<meta property=\"article:modified_time\" content=\"2025-10-02T11:29:36+00:00\" \/>\n<meta property=\"og:image\" content=\"https:\/\/www.czechspaceweek.com\/wp-content\/uploads\/2025\/08\/Banner_Email-1024x320-1.png\" \/>\n\t<meta property=\"og:image:width\" content=\"1024\" \/>\n\t<meta property=\"og:image:height\" content=\"320\" \/>\n\t<meta property=\"og:image:type\" content=\"image\/png\" \/>\n<meta name=\"twitter:card\" content=\"summary_large_image\" \/>\n<meta name=\"twitter:label1\" content=\"Est. reading time\" \/>\n\t<meta name=\"twitter:data1\" content=\"1 minute\" \/>\n<script type=\"application\/ld+json\" class=\"yoast-schema-graph\">{\"@context\":\"https:\\\/\\\/schema.org\",\"@graph\":[{\"@type\":\"WebPage\",\"@id\":\"https:\\\/\\\/www.czechspaceweek.com\\\/en\\\/akce-czechspace\\\/workshop-copernicus\\\/\",\"url\":\"https:\\\/\\\/www.czechspaceweek.com\\\/en\\\/akce-czechspace\\\/workshop-copernicus\\\/\",\"name\":\"Workshop Copernicus - Czech Space Week\",\"isPartOf\":{\"@id\":\"https:\\\/\\\/www.czechspaceweek.com\\\/#website\"},\"primaryImageOfPage\":{\"@id\":\"https:\\\/\\\/www.czechspaceweek.com\\\/en\\\/akce-czechspace\\\/workshop-copernicus\\\/#primaryimage\"},\"image\":{\"@id\":\"https:\\\/\\\/www.czechspaceweek.com\\\/en\\\/akce-czechspace\\\/workshop-copernicus\\\/#primaryimage\"},\"thumbnailUrl\":\"https:\\\/\\\/www.czechspaceweek.com\\\/wp-content\\\/uploads\\\/2025\\\/08\\\/Banner_Email-1024x320-1.png\",\"datePublished\":\"2025-08-14T13:02:16+00:00\",\"dateModified\":\"2025-10-02T11:29:36+00:00\",\"breadcrumb\":{\"@id\":\"https:\\\/\\\/www.czechspaceweek.com\\\/en\\\/akce-czechspace\\\/workshop-copernicus\\\/#breadcrumb\"},\"inLanguage\":\"en-US\",\"potentialAction\":[{\"@type\":\"ReadAction\",\"target\":[\"https:\\\/\\\/www.czechspaceweek.com\\\/en\\\/akce-czechspace\\\/workshop-copernicus\\\/\"]}]},{\"@type\":\"ImageObject\",\"inLanguage\":\"en-US\",\"@id\":\"https:\\\/\\\/www.czechspaceweek.com\\\/en\\\/akce-czechspace\\\/workshop-copernicus\\\/#primaryimage\",\"url\":\"https:\\\/\\\/www.czechspaceweek.com\\\/wp-content\\\/uploads\\\/2025\\\/08\\\/Banner_Email-1024x320-1.png\",\"contentUrl\":\"https:\\\/\\\/www.czechspaceweek.com\\\/wp-content\\\/uploads\\\/2025\\\/08\\\/Banner_Email-1024x320-1.png\",\"width\":1024,\"height\":320},{\"@type\":\"BreadcrumbList\",\"@id\":\"https:\\\/\\\/www.czechspaceweek.com\\\/en\\\/akce-czechspace\\\/workshop-copernicus\\\/#breadcrumb\",\"itemListElement\":[{\"@type\":\"ListItem\",\"position\":1,\"name\":\"Dom\u016f\",\"item\":\"https:\\\/\\\/www.czechspaceweek.com\\\/en\\\/\"},{\"@type\":\"ListItem\",\"position\":2,\"name\":\"Events\",\"item\":\"https:\\\/\\\/www.czechspaceweek.com\\\/en\\\/akce-czechspace\\\/\"},{\"@type\":\"ListItem\",\"position\":3,\"name\":\"Workshop Copernicus\"}]},{\"@type\":\"WebSite\",\"@id\":\"https:\\\/\\\/www.czechspaceweek.com\\\/#website\",\"url\":\"https:\\\/\\\/www.czechspaceweek.com\\\/\",\"name\":\"Czech Space Week\",\"description\":\"Czech Space Week p\u0159ipravuje Agentura CzechInvest a Ministerstvo dopravy \u010cR. Jedn\u00e1 se o nejv\u011bt\u0161\u00ed akci zam\u011b\u0159enou na kosmick\u00e9 aktivity v \u010cesku.\",\"publisher\":{\"@id\":\"https:\\\/\\\/www.czechspaceweek.com\\\/#organization\"},\"potentialAction\":[{\"@type\":\"SearchAction\",\"target\":{\"@type\":\"EntryPoint\",\"urlTemplate\":\"https:\\\/\\\/www.czechspaceweek.com\\\/?s={search_term_string}\"},\"query-input\":{\"@type\":\"PropertyValueSpecification\",\"valueRequired\":true,\"valueName\":\"search_term_string\"}}],\"inLanguage\":\"en-US\"},{\"@type\":\"Organization\",\"@id\":\"https:\\\/\\\/www.czechspaceweek.com\\\/#organization\",\"name\":\"Czech Space Week\",\"url\":\"https:\\\/\\\/www.czechspaceweek.com\\\/\",\"logo\":{\"@type\":\"ImageObject\",\"inLanguage\":\"en-US\",\"@id\":\"https:\\\/\\\/www.czechspaceweek.com\\\/#\\\/schema\\\/logo\\\/image\\\/\",\"url\":\"https:\\\/\\\/www.czechspaceweek.com\\\/wp-content\\\/uploads\\\/2024\\\/05\\\/CzechSpaceWeek-logo-548px.png\",\"contentUrl\":\"https:\\\/\\\/www.czechspaceweek.com\\\/wp-content\\\/uploads\\\/2024\\\/05\\\/CzechSpaceWeek-logo-548px.png\",\"width\":548,\"height\":548,\"caption\":\"Czech Space Week\"},\"image\":{\"@id\":\"https:\\\/\\\/www.czechspaceweek.com\\\/#\\\/schema\\\/logo\\\/image\\\/\"}}]}<\/script>\n<!-- \/ Yoast SEO plugin. -->","yoast_head_json":{"title":"Workshop Copernicus - Czech Space Week","robots":{"index":"index","follow":"follow","max-snippet":"max-snippet:-1","max-image-preview":"max-image-preview:large","max-video-preview":"max-video-preview:-1"},"canonical":"https:\/\/www.czechspaceweek.com\/en\/akce-czechspace\/workshop-copernicus\/","og_locale":"en_US","og_type":"article","og_title":"Workshop Copernicus - Czech Space Week","og_description":"Workshop Copernicus As part of the Czech User Forum on Copernicus and Earth Observation 2025, a workshop organised by the Copernicus Climate Change Service will take place at the City Conference Centre. The programme will be divided into two levels, for beginners and for advanced data users, so that everyone can find the option that&hellip;","og_url":"https:\/\/www.czechspaceweek.com\/en\/akce-czechspace\/workshop-copernicus\/","og_site_name":"Czech Space Week","article_modified_time":"2025-10-02T11:29:36+00:00","og_image":[{"width":1024,"height":320,"url":"https:\/\/www.czechspaceweek.com\/wp-content\/uploads\/2025\/08\/Banner_Email-1024x320-1.png","type":"image\/png"}],"twitter_card":"summary_large_image","twitter_misc":{"Est. reading time":"1 minute"},"schema":{"@context":"https:\/\/schema.org","@graph":[{"@type":"WebPage","@id":"https:\/\/www.czechspaceweek.com\/en\/akce-czechspace\/workshop-copernicus\/","url":"https:\/\/www.czechspaceweek.com\/en\/akce-czechspace\/workshop-copernicus\/","name":"Workshop Copernicus - Czech Space Week","isPartOf":{"@id":"https:\/\/www.czechspaceweek.com\/#website"},"primaryImageOfPage":{"@id":"https:\/\/www.czechspaceweek.com\/en\/akce-czechspace\/workshop-copernicus\/#primaryimage"},"image":{"@id":"https:\/\/www.czechspaceweek.com\/en\/akce-czechspace\/workshop-copernicus\/#primaryimage"},"thumbnailUrl":"https:\/\/www.czechspaceweek.com\/wp-content\/uploads\/2025\/08\/Banner_Email-1024x320-1.png","datePublished":"2025-08-14T13:02:16+00:00","dateModified":"2025-10-02T11:29:36+00:00","breadcrumb":{"@id":"https:\/\/www.czechspaceweek.com\/en\/akce-czechspace\/workshop-copernicus\/#breadcrumb"},"inLanguage":"en-US","potentialAction":[{"@type":"ReadAction","target":["https:\/\/www.czechspaceweek.com\/en\/akce-czechspace\/workshop-copernicus\/"]}]},{"@type":"ImageObject","inLanguage":"en-US","@id":"https:\/\/www.czechspaceweek.com\/en\/akce-czechspace\/workshop-copernicus\/#primaryimage","url":"https:\/\/www.czechspaceweek.com\/wp-content\/uploads\/2025\/08\/Banner_Email-1024x320-1.png","contentUrl":"https:\/\/www.czechspaceweek.com\/wp-content\/uploads\/2025\/08\/Banner_Email-1024x320-1.png","width":1024,"height":320},{"@type":"BreadcrumbList","@id":"https:\/\/www.czechspaceweek.com\/en\/akce-czechspace\/workshop-copernicus\/#breadcrumb","itemListElement":[{"@type":"ListItem","position":1,"name":"Dom\u016f","item":"https:\/\/www.czechspaceweek.com\/en\/"},{"@type":"ListItem","position":2,"name":"Events","item":"https:\/\/www.czechspaceweek.com\/en\/akce-czechspace\/"},{"@type":"ListItem","position":3,"name":"Workshop Copernicus"}]},{"@type":"WebSite","@id":"https:\/\/www.czechspaceweek.com\/#website","url":"https:\/\/www.czechspaceweek.com\/","name":"Czech Space Week","description":"Czech Space Week p\u0159ipravuje Agentura CzechInvest a Ministerstvo dopravy \u010cR. Jedn\u00e1 se o nejv\u011bt\u0161\u00ed akci zam\u011b\u0159enou na kosmick\u00e9 aktivity v \u010cesku.","publisher":{"@id":"https:\/\/www.czechspaceweek.com\/#organization"},"potentialAction":[{"@type":"SearchAction","target":{"@type":"EntryPoint","urlTemplate":"https:\/\/www.czechspaceweek.com\/?s={search_term_string}"},"query-input":{"@type":"PropertyValueSpecification","valueRequired":true,"valueName":"search_term_string"}}],"inLanguage":"en-US"},{"@type":"Organization","@id":"https:\/\/www.czechspaceweek.com\/#organization","name":"Czech Space Week","url":"https:\/\/www.czechspaceweek.com\/","logo":{"@type":"ImageObject","inLanguage":"en-US","@id":"https:\/\/www.czechspaceweek.com\/#\/schema\/logo\/image\/","url":"https:\/\/www.czechspaceweek.com\/wp-content\/uploads\/2024\/05\/CzechSpaceWeek-logo-548px.png","contentUrl":"https:\/\/www.czechspaceweek.com\/wp-content\/uploads\/2024\/05\/CzechSpaceWeek-logo-548px.png","width":548,"height":548,"caption":"Czech Space Week"},"image":{"@id":"https:\/\/www.czechspaceweek.com\/#\/schema\/logo\/image\/"}}]}},"_links":{"self":[{"href":"https:\/\/www.czechspaceweek.com\/en\/wp-json\/wp\/v2\/mec-events\/90980","targetHints":{"allow":["GET"]}}],"collection":[{"href":"https:\/\/www.czechspaceweek.com\/en\/wp-json\/wp\/v2\/mec-events"}],"about":[{"href":"https:\/\/www.czechspaceweek.com\/en\/wp-json\/wp\/v2\/types\/mec-events"}],"author":[{"embeddable":true,"href":"https:\/\/www.czechspaceweek.com\/en\/wp-json\/wp\/v2\/users\/4"}],"replies":[{"embeddable":true,"href":"https:\/\/www.czechspaceweek.com\/en\/wp-json\/wp\/v2\/comments?post=90980"}],"version-history":[{"count":2,"href":"https:\/\/www.czechspaceweek.com\/en\/wp-json\/wp\/v2\/mec-events\/90980\/revisions"}],"predecessor-version":[{"id":90982,"href":"https:\/\/www.czechspaceweek.com\/en\/wp-json\/wp\/v2\/mec-events\/90980\/revisions\/90982"}],"wp:featuredmedia":[{"embeddable":true,"href":"https:\/\/www.czechspaceweek.com\/en\/wp-json\/wp\/v2\/media\/90527"}],"wp:attachment":[{"href":"https:\/\/www.czechspaceweek.com\/en\/wp-json\/wp\/v2\/media?parent=90980"}],"wp:term":[{"taxonomy":"post_tag","embeddable":true,"href":"https:\/\/www.czechspaceweek.com\/en\/wp-json\/wp\/v2\/tags?post=90980"},{"taxonomy":"mec_category","embeddable":true,"href":"https:\/\/www.czechspaceweek.com\/en\/wp-json\/wp\/v2\/mec_category?post=90980"}],"curies":[{"name":"wp","href":"https:\/\/api.w.org\/{rel}","templated":true}]}}

<div data-elementor-type="wp-post" data-elementor-id="90980" class="elementor elementor-90980 elementor-90431" data-elementor-post-type="mec-events">
				<div class="elementor-element elementor-element-5f18b38 e-flex e-con-boxed e-con e-parent" data-id="5f18b38" data-element_type="container" data-e-type="container">
					<div class="e-con-inner">
				<div class="elementor-element elementor-element-0ce58de elementor-widget elementor-widget-text-editor" data-id="0ce58de" data-element_type="widget" data-e-type="widget" data-widget_type="text-editor.default">
				<div class="elementor-widget-container">
									<h1>Workshop Copernicus</h1>
<p><span data-sheets-root="1">V rámci konference&nbsp;<a href="https://copernicus.chmi.cz/index.php/ceske-uzivatelske-forum-copernicus-a-dalkovy-pruzkum-zeme-2025/" target="_blank">České uživatelské fórum Copernicus a dálkový průzkum Země 2025</a>&nbsp;se uskuteční workshop pořádaný službou Copernicus Climate Change Service v prostorách Konferenčního centra City. Program bude rozdělen do dvou úrovní, pro začátečníky i pro pokročilé uživatele dat, takže si každý najde to své. Účastníci se naučí prakticky pracovat s klimatickými daty, získají tipy pro jejich analýzu a příklady využití v reálných projektech. Ideální příležitost propojit teorii s praxí a rozšířit své dovednosti. Workshop proběhne v anglickém jazyce.</span></p>								</div>
				</div>
					</div>
				</div>
				</div>

<!-- This site is optimized with the Yoast SEO plugin v27.5 - https://yoast.com/product/yoast-seo-wordpress/ -->
<title>Workshop Copernicus - Czech Space Week</title>
<meta name="robots" content="index, follow, max-snippet:-1, max-image-preview:large, max-video-preview:-1" />
<link rel="canonical" href="https://www.czechspaceweek.com/en/akce-czechspace/workshop-copernicus/" />
<meta property="og:locale" content="en_US" />
<meta property="og:type" content="article" />
<meta property="og:title" content="Workshop Copernicus - Czech Space Week" />
<meta property="og:description" content="Workshop Copernicus As part of the Czech User Forum on Copernicus and Earth Observation 2025, a workshop organised by the Copernicus Climate Change Service will take place at the City Conference Centre. The programme will be divided into two levels, for beginners and for advanced data users, so that everyone can find the option that&hellip;" />
<meta property="og:url" content="https://www.czechspaceweek.com/en/akce-czechspace/workshop-copernicus/" />
<meta property="og:site_name" content="Czech Space Week" />
<meta property="article:modified_time" content="2025-10-02T11:29:36+00:00" />
<meta property="og:image" content="https://www.czechspaceweek.com/wp-content/uploads/2025/08/Banner_Email-1024x320-1.png" />
	<meta property="og:image:width" content="1024" />
	<meta property="og:image:height" content="320" />
	<meta property="og:image:type" content="image/png" />
<meta name="twitter:card" content="summary_large_image" />
<meta name="twitter:label1" content="Est. reading time" />
	<meta name="twitter:data1" content="1 minute" />
<script type="application/ld+json" class="yoast-schema-graph">{"@context":"https:\/\/schema.org","@graph":[{"@type":"WebPage","@id":"https:\/\/www.czechspaceweek.com\/en\/akce-czechspace\/workshop-copernicus\/","url":"https:\/\/www.czechspaceweek.com\/en\/akce-czechspace\/workshop-copernicus\/","name":"Workshop Copernicus - Czech Space Week","isPartOf":{"@id":"https:\/\/www.czechspaceweek.com\/#website"},"primaryImageOfPage":{"@id":"https:\/\/www.czechspaceweek.com\/en\/akce-czechspace\/workshop-copernicus\/#primaryimage"},"image":{"@id":"https:\/\/www.czechspaceweek.com\/en\/akce-czechspace\/workshop-copernicus\/#primaryimage"},"thumbnailUrl":"https:\/\/www.czechspaceweek.com\/wp-content\/uploads\/2025\/08\/Banner_Email-1024x320-1.png","datePublished":"2025-08-14T13:02:16+00:00","dateModified":"2025-10-02T11:29:36+00:00","breadcrumb":{"@id":"https:\/\/www.czechspaceweek.com\/en\/akce-czechspace\/workshop-copernicus\/#breadcrumb"},"inLanguage":"en-US","potentialAction":[{"@type":"ReadAction","target":["https:\/\/www.czechspaceweek.com\/en\/akce-czechspace\/workshop-copernicus\/"]}]},{"@type":"ImageObject","inLanguage":"en-US","@id":"https:\/\/www.czechspaceweek.com\/en\/akce-czechspace\/workshop-copernicus\/#primaryimage","url":"https:\/\/www.czechspaceweek.com\/wp-content\/uploads\/2025\/08\/Banner_Email-1024x320-1.png","contentUrl":"https:\/\/www.czechspaceweek.com\/wp-content\/uploads\/2025\/08\/Banner_Email-1024x320-1.png","width":1024,"height":320},{"@type":"BreadcrumbList","@id":"https:\/\/www.czechspaceweek.com\/en\/akce-czechspace\/workshop-copernicus\/#breadcrumb","itemListElement":[{"@type":"ListItem","position":1,"name":"Domů","item":"https:\/\/www.czechspaceweek.com\/en\/"},{"@type":"ListItem","position":2,"name":"Events","item":"https:\/\/www.czechspaceweek.com\/en\/akce-czechspace\/"},{"@type":"ListItem","position":3,"name":"Workshop Copernicus"}]},{"@type":"WebSite","@id":"https:\/\/www.czechspaceweek.com\/#website","url":"https:\/\/www.czechspaceweek.com\/","name":"Czech Space Week","description":"Czech Space Week připravuje Agentura CzechInvest a Ministerstvo dopravy ČR. Jedná se o největší akci zaměřenou na kosmické aktivity v Česku.","publisher":{"@id":"https:\/\/www.czechspaceweek.com\/#organization"},"potentialAction":[{"@type":"SearchAction","target":{"@type":"EntryPoint","urlTemplate":"https:\/\/www.czechspaceweek.com\/?s={search_term_string}"},"query-input":{"@type":"PropertyValueSpecification","valueRequired":true,"valueName":"search_term_string"}}],"inLanguage":"en-US"},{"@type":"Organization","@id":"https:\/\/www.czechspaceweek.com\/#organization","name":"Czech Space Week","url":"https:\/\/www.czechspaceweek.com\/","logo":{"@type":"ImageObject","inLanguage":"en-US","@id":"https:\/\/www.czechspaceweek.com\/#\/schema\/logo\/image\/","url":"https:\/\/www.czechspaceweek.com\/wp-content\/uploads\/2024\/05\/CzechSpaceWeek-logo-548px.png","contentUrl":"https:\/\/www.czechspaceweek.com\/wp-content\/uploads\/2024\/05\/CzechSpaceWeek-logo-548px.png","width":548,"height":548,"caption":"Czech Space Week"},"image":{"@id":"https:\/\/www.czechspaceweek.com\/#\/schema\/logo\/image\/"}}]}</script>
<!-- / Yoast SEO plugin. -->

Domů

Czech Space Week připravuje Agentura CzechInvest a Ministerstvo dopravy ČR. Jedná se o největší akci zaměřenou na kosmické aktivity v Česku.
