{"id":88359,"date":"2024-07-26T22:13:32","date_gmt":"2024-07-26T20:13:32","guid":{"rendered":"https:\/\/www.czechspaceweek.com\/akce-czechspace\/space-gala\/"},"modified":"2024-11-04T10:02:25","modified_gmt":"2024-11-04T09:02:25","slug":"space-gala","status":"publish","type":"mec-events","link":"https:\/\/www.czechspaceweek.com\/en\/akce-czechspace\/space-gala\/","title":{"rendered":"Space Gala"},"content":{"rendered":"\t\t<div data-elementor-type=\"wp-post\" data-elementor-id=\"88359\" class=\"elementor elementor-88359 elementor-88347\" data-elementor-post-type=\"mec-events\">\n\t\t\t\t<div class=\"elementor-element elementor-element-498192b3 e-flex e-con-boxed e-con e-parent\" data-id=\"498192b3\" data-element_type=\"container\" data-e-type=\"container\">\n\t\t\t\t\t<div class=\"e-con-inner\">\n\t\t\t\t<div class=\"elementor-element elementor-element-7f5b3940 elementor-widget elementor-widget-text-editor\" data-id=\"7f5b3940\" data-element_type=\"widget\" data-e-type=\"widget\" data-widget_type=\"text-editor.default\">\n\t\t\t\t<div class=\"elementor-widget-container\">\n\t\t\t\t\t\t\t\t\t<h2><strong>Space Gala<\/strong><\/h2><p>Traditional gala for all those who make a difference in the Czech space!<\/p><p>This is an invite-only event.<\/p>\t\t\t\t\t\t\t\t<\/div>\n\t\t\t\t<\/div>\n\t\t\t\t\t<\/div>\n\t\t\t\t<\/div>\n\t\t\t\t<\/div>\n\t\t","protected":false},"excerpt":{"rendered":"<p>Space Gala Traditional gala for all those who make a difference in the Czech space! This is an invite-only event.<\/p>\n","protected":false},"author":8,"featured_media":89203,"comment_status":"closed","ping_status":"closed","template":"","tags":[],"mec_category":[272,382],"class_list":["post-88359","mec-events","type-mec-events","status-publish","has-post-thumbnail","hentry","mec_category-csw-en","mec_category-invite-only"],"yoast_head":"<!-- This site is optimized with the Yoast SEO plugin v27.5 - https:\/\/yoast.com\/product\/yoast-seo-wordpress\/ -->\n<title>Space Gala - Czech Space Week<\/title>\n<meta name=\"robots\" content=\"index, follow, max-snippet:-1, max-image-preview:large, max-video-preview:-1\" \/>\n<link rel=\"canonical\" href=\"https:\/\/www.czechspaceweek.com\/en\/akce-czechspace\/space-gala\/\" \/>\n<meta property=\"og:locale\" content=\"en_US\" \/>\n<meta property=\"og:type\" content=\"article\" \/>\n<meta property=\"og:title\" content=\"Space Gala - Czech Space Week\" \/>\n<meta property=\"og:description\" content=\"Space Gala Traditional gala for all those who make a difference in the Czech space! This is an invite-only event.\" \/>\n<meta property=\"og:url\" content=\"https:\/\/www.czechspaceweek.com\/en\/akce-czechspace\/space-gala\/\" \/>\n<meta property=\"og:site_name\" content=\"Czech Space Week\" \/>\n<meta property=\"article:modified_time\" content=\"2024-11-04T09:02:25+00:00\" \/>\n<meta property=\"og:image\" content=\"https:\/\/www.czechspaceweek.com\/wp-content\/uploads\/2024\/07\/SG_1920x1080.png\" \/>\n\t<meta property=\"og:image:width\" content=\"1920\" \/>\n\t<meta property=\"og:image:height\" content=\"1080\" \/>\n\t<meta property=\"og:image:type\" content=\"image\/png\" \/>\n<meta name=\"twitter:card\" content=\"summary_large_image\" \/>\n<meta name=\"twitter:label1\" content=\"Est. reading time\" \/>\n\t<meta name=\"twitter:data1\" content=\"1 minute\" \/>\n<script type=\"application\/ld+json\" class=\"yoast-schema-graph\">{\"@context\":\"https:\\\/\\\/schema.org\",\"@graph\":[{\"@type\":\"WebPage\",\"@id\":\"https:\\\/\\\/www.czechspaceweek.com\\\/en\\\/akce-czechspace\\\/space-gala\\\/\",\"url\":\"https:\\\/\\\/www.czechspaceweek.com\\\/en\\\/akce-czechspace\\\/space-gala\\\/\",\"name\":\"Space Gala - Czech Space Week\",\"isPartOf\":{\"@id\":\"https:\\\/\\\/www.czechspaceweek.com\\\/#website\"},\"primaryImageOfPage\":{\"@id\":\"https:\\\/\\\/www.czechspaceweek.com\\\/en\\\/akce-czechspace\\\/space-gala\\\/#primaryimage\"},\"image\":{\"@id\":\"https:\\\/\\\/www.czechspaceweek.com\\\/en\\\/akce-czechspace\\\/space-gala\\\/#primaryimage\"},\"thumbnailUrl\":\"https:\\\/\\\/www.czechspaceweek.com\\\/wp-content\\\/uploads\\\/2024\\\/07\\\/SG_1920x1080.png\",\"datePublished\":\"2024-07-26T20:13:32+00:00\",\"dateModified\":\"2024-11-04T09:02:25+00:00\",\"breadcrumb\":{\"@id\":\"https:\\\/\\\/www.czechspaceweek.com\\\/en\\\/akce-czechspace\\\/space-gala\\\/#breadcrumb\"},\"inLanguage\":\"en-US\",\"potentialAction\":[{\"@type\":\"ReadAction\",\"target\":[\"https:\\\/\\\/www.czechspaceweek.com\\\/en\\\/akce-czechspace\\\/space-gala\\\/\"]}]},{\"@type\":\"ImageObject\",\"inLanguage\":\"en-US\",\"@id\":\"https:\\\/\\\/www.czechspaceweek.com\\\/en\\\/akce-czechspace\\\/space-gala\\\/#primaryimage\",\"url\":\"https:\\\/\\\/www.czechspaceweek.com\\\/wp-content\\\/uploads\\\/2024\\\/07\\\/SG_1920x1080.png\",\"contentUrl\":\"https:\\\/\\\/www.czechspaceweek.com\\\/wp-content\\\/uploads\\\/2024\\\/07\\\/SG_1920x1080.png\",\"width\":1920,\"height\":1080},{\"@type\":\"BreadcrumbList\",\"@id\":\"https:\\\/\\\/www.czechspaceweek.com\\\/en\\\/akce-czechspace\\\/space-gala\\\/#breadcrumb\",\"itemListElement\":[{\"@type\":\"ListItem\",\"position\":1,\"name\":\"Dom\u016f\",\"item\":\"https:\\\/\\\/www.czechspaceweek.com\\\/en\\\/\"},{\"@type\":\"ListItem\",\"position\":2,\"name\":\"Events\",\"item\":\"https:\\\/\\\/www.czechspaceweek.com\\\/en\\\/akce-czechspace\\\/\"},{\"@type\":\"ListItem\",\"position\":3,\"name\":\"Space Gala\"}]},{\"@type\":\"WebSite\",\"@id\":\"https:\\\/\\\/www.czechspaceweek.com\\\/#website\",\"url\":\"https:\\\/\\\/www.czechspaceweek.com\\\/\",\"name\":\"Czech Space Week\",\"description\":\"Czech Space Week p\u0159ipravuje Agentura CzechInvest a Ministerstvo dopravy \u010cR. Jedn\u00e1 se o nejv\u011bt\u0161\u00ed akci zam\u011b\u0159enou na kosmick\u00e9 aktivity v \u010cesku.\",\"publisher\":{\"@id\":\"https:\\\/\\\/www.czechspaceweek.com\\\/#organization\"},\"potentialAction\":[{\"@type\":\"SearchAction\",\"target\":{\"@type\":\"EntryPoint\",\"urlTemplate\":\"https:\\\/\\\/www.czechspaceweek.com\\\/?s={search_term_string}\"},\"query-input\":{\"@type\":\"PropertyValueSpecification\",\"valueRequired\":true,\"valueName\":\"search_term_string\"}}],\"inLanguage\":\"en-US\"},{\"@type\":\"Organization\",\"@id\":\"https:\\\/\\\/www.czechspaceweek.com\\\/#organization\",\"name\":\"Czech Space Week\",\"url\":\"https:\\\/\\\/www.czechspaceweek.com\\\/\",\"logo\":{\"@type\":\"ImageObject\",\"inLanguage\":\"en-US\",\"@id\":\"https:\\\/\\\/www.czechspaceweek.com\\\/#\\\/schema\\\/logo\\\/image\\\/\",\"url\":\"https:\\\/\\\/www.czechspaceweek.com\\\/wp-content\\\/uploads\\\/2024\\\/05\\\/CzechSpaceWeek-logo-548px.png\",\"contentUrl\":\"https:\\\/\\\/www.czechspaceweek.com\\\/wp-content\\\/uploads\\\/2024\\\/05\\\/CzechSpaceWeek-logo-548px.png\",\"width\":548,\"height\":548,\"caption\":\"Czech Space Week\"},\"image\":{\"@id\":\"https:\\\/\\\/www.czechspaceweek.com\\\/#\\\/schema\\\/logo\\\/image\\\/\"}}]}<\/script>\n<!-- \/ Yoast SEO plugin. -->","yoast_head_json":{"title":"Space Gala - Czech Space Week","robots":{"index":"index","follow":"follow","max-snippet":"max-snippet:-1","max-image-preview":"max-image-preview:large","max-video-preview":"max-video-preview:-1"},"canonical":"https:\/\/www.czechspaceweek.com\/en\/akce-czechspace\/space-gala\/","og_locale":"en_US","og_type":"article","og_title":"Space Gala - Czech Space Week","og_description":"Space Gala Traditional gala for all those who make a difference in the Czech space! This is an invite-only event.","og_url":"https:\/\/www.czechspaceweek.com\/en\/akce-czechspace\/space-gala\/","og_site_name":"Czech Space Week","article_modified_time":"2024-11-04T09:02:25+00:00","og_image":[{"width":1920,"height":1080,"url":"https:\/\/www.czechspaceweek.com\/wp-content\/uploads\/2024\/07\/SG_1920x1080.png","type":"image\/png"}],"twitter_card":"summary_large_image","twitter_misc":{"Est. reading time":"1 minute"},"schema":{"@context":"https:\/\/schema.org","@graph":[{"@type":"WebPage","@id":"https:\/\/www.czechspaceweek.com\/en\/akce-czechspace\/space-gala\/","url":"https:\/\/www.czechspaceweek.com\/en\/akce-czechspace\/space-gala\/","name":"Space Gala - Czech Space Week","isPartOf":{"@id":"https:\/\/www.czechspaceweek.com\/#website"},"primaryImageOfPage":{"@id":"https:\/\/www.czechspaceweek.com\/en\/akce-czechspace\/space-gala\/#primaryimage"},"image":{"@id":"https:\/\/www.czechspaceweek.com\/en\/akce-czechspace\/space-gala\/#primaryimage"},"thumbnailUrl":"https:\/\/www.czechspaceweek.com\/wp-content\/uploads\/2024\/07\/SG_1920x1080.png","datePublished":"2024-07-26T20:13:32+00:00","dateModified":"2024-11-04T09:02:25+00:00","breadcrumb":{"@id":"https:\/\/www.czechspaceweek.com\/en\/akce-czechspace\/space-gala\/#breadcrumb"},"inLanguage":"en-US","potentialAction":[{"@type":"ReadAction","target":["https:\/\/www.czechspaceweek.com\/en\/akce-czechspace\/space-gala\/"]}]},{"@type":"ImageObject","inLanguage":"en-US","@id":"https:\/\/www.czechspaceweek.com\/en\/akce-czechspace\/space-gala\/#primaryimage","url":"https:\/\/www.czechspaceweek.com\/wp-content\/uploads\/2024\/07\/SG_1920x1080.png","contentUrl":"https:\/\/www.czechspaceweek.com\/wp-content\/uploads\/2024\/07\/SG_1920x1080.png","width":1920,"height":1080},{"@type":"BreadcrumbList","@id":"https:\/\/www.czechspaceweek.com\/en\/akce-czechspace\/space-gala\/#breadcrumb","itemListElement":[{"@type":"ListItem","position":1,"name":"Dom\u016f","item":"https:\/\/www.czechspaceweek.com\/en\/"},{"@type":"ListItem","position":2,"name":"Events","item":"https:\/\/www.czechspaceweek.com\/en\/akce-czechspace\/"},{"@type":"ListItem","position":3,"name":"Space Gala"}]},{"@type":"WebSite","@id":"https:\/\/www.czechspaceweek.com\/#website","url":"https:\/\/www.czechspaceweek.com\/","name":"Czech Space Week","description":"Czech Space Week p\u0159ipravuje Agentura CzechInvest a Ministerstvo dopravy \u010cR. Jedn\u00e1 se o nejv\u011bt\u0161\u00ed akci zam\u011b\u0159enou na kosmick\u00e9 aktivity v \u010cesku.","publisher":{"@id":"https:\/\/www.czechspaceweek.com\/#organization"},"potentialAction":[{"@type":"SearchAction","target":{"@type":"EntryPoint","urlTemplate":"https:\/\/www.czechspaceweek.com\/?s={search_term_string}"},"query-input":{"@type":"PropertyValueSpecification","valueRequired":true,"valueName":"search_term_string"}}],"inLanguage":"en-US"},{"@type":"Organization","@id":"https:\/\/www.czechspaceweek.com\/#organization","name":"Czech Space Week","url":"https:\/\/www.czechspaceweek.com\/","logo":{"@type":"ImageObject","inLanguage":"en-US","@id":"https:\/\/www.czechspaceweek.com\/#\/schema\/logo\/image\/","url":"https:\/\/www.czechspaceweek.com\/wp-content\/uploads\/2024\/05\/CzechSpaceWeek-logo-548px.png","contentUrl":"https:\/\/www.czechspaceweek.com\/wp-content\/uploads\/2024\/05\/CzechSpaceWeek-logo-548px.png","width":548,"height":548,"caption":"Czech Space Week"},"image":{"@id":"https:\/\/www.czechspaceweek.com\/#\/schema\/logo\/image\/"}}]}},"_links":{"self":[{"href":"https:\/\/www.czechspaceweek.com\/en\/wp-json\/wp\/v2\/mec-events\/88359","targetHints":{"allow":["GET"]}}],"collection":[{"href":"https:\/\/www.czechspaceweek.com\/en\/wp-json\/wp\/v2\/mec-events"}],"about":[{"href":"https:\/\/www.czechspaceweek.com\/en\/wp-json\/wp\/v2\/types\/mec-events"}],"author":[{"embeddable":true,"href":"https:\/\/www.czechspaceweek.com\/en\/wp-json\/wp\/v2\/users\/8"}],"replies":[{"embeddable":true,"href":"https:\/\/www.czechspaceweek.com\/en\/wp-json\/wp\/v2\/comments?post=88359"}],"version-history":[{"count":7,"href":"https:\/\/www.czechspaceweek.com\/en\/wp-json\/wp\/v2\/mec-events\/88359\/revisions"}],"predecessor-version":[{"id":90019,"href":"https:\/\/www.czechspaceweek.com\/en\/wp-json\/wp\/v2\/mec-events\/88359\/revisions\/90019"}],"wp:featuredmedia":[{"embeddable":true,"href":"https:\/\/www.czechspaceweek.com\/en\/wp-json\/wp\/v2\/media\/89203"}],"wp:attachment":[{"href":"https:\/\/www.czechspaceweek.com\/en\/wp-json\/wp\/v2\/media?parent=88359"}],"wp:term":[{"taxonomy":"post_tag","embeddable":true,"href":"https:\/\/www.czechspaceweek.com\/en\/wp-json\/wp\/v2\/tags?post=88359"},{"taxonomy":"mec_category","embeddable":true,"href":"https:\/\/www.czechspaceweek.com\/en\/wp-json\/wp\/v2\/mec_category?post=88359"}],"curies":[{"name":"wp","href":"https:\/\/api.w.org\/{rel}","templated":true}]}}

<!-- This site is optimized with the Yoast SEO plugin v27.5 - https://yoast.com/product/yoast-seo-wordpress/ -->
<title>Space Gala - Czech Space Week</title>
<meta name="robots" content="index, follow, max-snippet:-1, max-image-preview:large, max-video-preview:-1" />
<link rel="canonical" href="https://www.czechspaceweek.com/en/akce-czechspace/space-gala/" />
<meta property="og:locale" content="en_US" />
<meta property="og:type" content="article" />
<meta property="og:title" content="Space Gala - Czech Space Week" />
<meta property="og:description" content="Space Gala Traditional gala for all those who make a difference in the Czech space! This is an invite-only event." />
<meta property="og:url" content="https://www.czechspaceweek.com/en/akce-czechspace/space-gala/" />
<meta property="og:site_name" content="Czech Space Week" />
<meta property="article:modified_time" content="2024-11-04T09:02:25+00:00" />
<meta property="og:image" content="https://www.czechspaceweek.com/wp-content/uploads/2024/07/SG_1920x1080.png" />
	<meta property="og:image:width" content="1920" />
	<meta property="og:image:height" content="1080" />
	<meta property="og:image:type" content="image/png" />
<meta name="twitter:card" content="summary_large_image" />
<meta name="twitter:label1" content="Est. reading time" />
	<meta name="twitter:data1" content="1 minute" />
<script type="application/ld+json" class="yoast-schema-graph">{"@context":"https:\/\/schema.org","@graph":[{"@type":"WebPage","@id":"https:\/\/www.czechspaceweek.com\/en\/akce-czechspace\/space-gala\/","url":"https:\/\/www.czechspaceweek.com\/en\/akce-czechspace\/space-gala\/","name":"Space Gala - Czech Space Week","isPartOf":{"@id":"https:\/\/www.czechspaceweek.com\/#website"},"primaryImageOfPage":{"@id":"https:\/\/www.czechspaceweek.com\/en\/akce-czechspace\/space-gala\/#primaryimage"},"image":{"@id":"https:\/\/www.czechspaceweek.com\/en\/akce-czechspace\/space-gala\/#primaryimage"},"thumbnailUrl":"https:\/\/www.czechspaceweek.com\/wp-content\/uploads\/2024\/07\/SG_1920x1080.png","datePublished":"2024-07-26T20:13:32+00:00","dateModified":"2024-11-04T09:02:25+00:00","breadcrumb":{"@id":"https:\/\/www.czechspaceweek.com\/en\/akce-czechspace\/space-gala\/#breadcrumb"},"inLanguage":"en-US","potentialAction":[{"@type":"ReadAction","target":["https:\/\/www.czechspaceweek.com\/en\/akce-czechspace\/space-gala\/"]}]},{"@type":"ImageObject","inLanguage":"en-US","@id":"https:\/\/www.czechspaceweek.com\/en\/akce-czechspace\/space-gala\/#primaryimage","url":"https:\/\/www.czechspaceweek.com\/wp-content\/uploads\/2024\/07\/SG_1920x1080.png","contentUrl":"https:\/\/www.czechspaceweek.com\/wp-content\/uploads\/2024\/07\/SG_1920x1080.png","width":1920,"height":1080},{"@type":"BreadcrumbList","@id":"https:\/\/www.czechspaceweek.com\/en\/akce-czechspace\/space-gala\/#breadcrumb","itemListElement":[{"@type":"ListItem","position":1,"name":"Domů","item":"https:\/\/www.czechspaceweek.com\/en\/"},{"@type":"ListItem","position":2,"name":"Events","item":"https:\/\/www.czechspaceweek.com\/en\/akce-czechspace\/"},{"@type":"ListItem","position":3,"name":"Space Gala"}]},{"@type":"WebSite","@id":"https:\/\/www.czechspaceweek.com\/#website","url":"https:\/\/www.czechspaceweek.com\/","name":"Czech Space Week","description":"Czech Space Week připravuje Agentura CzechInvest a Ministerstvo dopravy ČR. Jedná se o největší akci zaměřenou na kosmické aktivity v Česku.","publisher":{"@id":"https:\/\/www.czechspaceweek.com\/#organization"},"potentialAction":[{"@type":"SearchAction","target":{"@type":"EntryPoint","urlTemplate":"https:\/\/www.czechspaceweek.com\/?s={search_term_string}"},"query-input":{"@type":"PropertyValueSpecification","valueRequired":true,"valueName":"search_term_string"}}],"inLanguage":"en-US"},{"@type":"Organization","@id":"https:\/\/www.czechspaceweek.com\/#organization","name":"Czech Space Week","url":"https:\/\/www.czechspaceweek.com\/","logo":{"@type":"ImageObject","inLanguage":"en-US","@id":"https:\/\/www.czechspaceweek.com\/#\/schema\/logo\/image\/","url":"https:\/\/www.czechspaceweek.com\/wp-content\/uploads\/2024\/05\/CzechSpaceWeek-logo-548px.png","contentUrl":"https:\/\/www.czechspaceweek.com\/wp-content\/uploads\/2024\/05\/CzechSpaceWeek-logo-548px.png","width":548,"height":548,"caption":"Czech Space Week"},"image":{"@id":"https:\/\/www.czechspaceweek.com\/#\/schema\/logo\/image\/"}}]}</script>
<!-- / Yoast SEO plugin. -->

Domů

Czech Space Week připravuje Agentura CzechInvest a Ministerstvo dopravy ČR. Jedná se o největší akci zaměřenou na kosmické aktivity v Česku.
