{"id":88072,"date":"2023-11-23T11:00:04","date_gmt":"2023-11-23T10:00:04","guid":{"rendered":"https:\/\/www.czechspaceweek.com\/akce-czechspace\/welcome-flight-of-the-sherpa-rocket\/"},"modified":"2023-11-23T11:00:04","modified_gmt":"2023-11-23T10:00:04","slug":"welcome-flight-of-the-sherpa-rocket","status":"publish","type":"mec-events","link":"https:\/\/www.czechspaceweek.com\/en\/akce-czechspace\/welcome-flight-of-the-sherpa-rocket\/","title":{"rendered":"Welcome flight of the Sherpa rocket"},"content":{"rendered":"<p>We cordially invite you to launch of &#8220;Sherpa&#8221; rocket to start the 2023-2024 devepolment year.<\/p>\n<p>The sart wil take place on Sunday 26.11. between 13:00 and 16:00 Brno-Medl\u00e1nky airport.<br \/>\n* weather dependent<\/p>\n","protected":false},"excerpt":{"rendered":"<p>We cordially invite you to launch of &#8220;Sherpa&#8221; rocket to start the 2023-2024 devepolment year. The sart wil take place on Sunday 26.11. between 13:00 and 16:00 Brno-Medl\u00e1nky airport. * weather dependent<\/p>\n","protected":false},"author":8,"featured_media":88070,"comment_status":"closed","ping_status":"closed","template":"","tags":[],"mec_category":[272,320],"class_list":["post-88072","mec-events","type-mec-events","status-publish","has-post-thumbnail","hentry","mec_category-csw-en","mec_category-general-public","description-off"],"yoast_head":"<!-- This site is optimized with the Yoast SEO plugin v27.5 - https:\/\/yoast.com\/product\/yoast-seo-wordpress\/ -->\n<title>Welcome flight of the Sherpa rocket - Czech Space Week<\/title>\n<meta name=\"robots\" content=\"index, follow, max-snippet:-1, max-image-preview:large, max-video-preview:-1\" \/>\n<link rel=\"canonical\" href=\"https:\/\/www.czechspaceweek.com\/en\/akce-czechspace\/welcome-flight-of-the-sherpa-rocket\/\" \/>\n<meta property=\"og:locale\" content=\"en_US\" \/>\n<meta property=\"og:type\" content=\"article\" \/>\n<meta property=\"og:title\" content=\"Welcome flight of the Sherpa rocket - Czech Space Week\" \/>\n<meta property=\"og:description\" content=\"We cordially invite you to launch of &#8220;Sherpa&#8221; rocket to start the 2023-2024 devepolment year. The sart wil take place on Sunday 26.11. between 13:00 and 16:00 Brno-Medl\u00e1nky airport. * weather dependent\" \/>\n<meta property=\"og:url\" content=\"https:\/\/www.czechspaceweek.com\/en\/akce-czechspace\/welcome-flight-of-the-sherpa-rocket\/\" \/>\n<meta property=\"og:site_name\" content=\"Czech Space Week\" \/>\n<meta name=\"twitter:card\" content=\"summary_large_image\" \/>\n<script type=\"application\/ld+json\" class=\"yoast-schema-graph\">{\"@context\":\"https:\\\/\\\/schema.org\",\"@graph\":[{\"@type\":\"WebPage\",\"@id\":\"https:\\\/\\\/www.czechspaceweek.com\\\/en\\\/akce-czechspace\\\/welcome-flight-of-the-sherpa-rocket\\\/\",\"url\":\"https:\\\/\\\/www.czechspaceweek.com\\\/en\\\/akce-czechspace\\\/welcome-flight-of-the-sherpa-rocket\\\/\",\"name\":\"Welcome flight of the Sherpa rocket - Czech Space Week\",\"isPartOf\":{\"@id\":\"https:\\\/\\\/www.czechspaceweek.com\\\/#website\"},\"primaryImageOfPage\":{\"@id\":\"https:\\\/\\\/www.czechspaceweek.com\\\/en\\\/akce-czechspace\\\/welcome-flight-of-the-sherpa-rocket\\\/#primaryimage\"},\"image\":{\"@id\":\"https:\\\/\\\/www.czechspaceweek.com\\\/en\\\/akce-czechspace\\\/welcome-flight-of-the-sherpa-rocket\\\/#primaryimage\"},\"thumbnailUrl\":\"https:\\\/\\\/www.czechspaceweek.com\\\/wp-content\\\/uploads\\\/2023\\\/11\\\/sherpa-rocket.jpg\",\"datePublished\":\"2023-11-23T10:00:04+00:00\",\"breadcrumb\":{\"@id\":\"https:\\\/\\\/www.czechspaceweek.com\\\/en\\\/akce-czechspace\\\/welcome-flight-of-the-sherpa-rocket\\\/#breadcrumb\"},\"inLanguage\":\"en-US\",\"potentialAction\":[{\"@type\":\"ReadAction\",\"target\":[\"https:\\\/\\\/www.czechspaceweek.com\\\/en\\\/akce-czechspace\\\/welcome-flight-of-the-sherpa-rocket\\\/\"]}]},{\"@type\":\"ImageObject\",\"inLanguage\":\"en-US\",\"@id\":\"https:\\\/\\\/www.czechspaceweek.com\\\/en\\\/akce-czechspace\\\/welcome-flight-of-the-sherpa-rocket\\\/#primaryimage\",\"url\":\"https:\\\/\\\/www.czechspaceweek.com\\\/wp-content\\\/uploads\\\/2023\\\/11\\\/sherpa-rocket.jpg\",\"contentUrl\":\"https:\\\/\\\/www.czechspaceweek.com\\\/wp-content\\\/uploads\\\/2023\\\/11\\\/sherpa-rocket.jpg\",\"width\":906,\"height\":906},{\"@type\":\"BreadcrumbList\",\"@id\":\"https:\\\/\\\/www.czechspaceweek.com\\\/en\\\/akce-czechspace\\\/welcome-flight-of-the-sherpa-rocket\\\/#breadcrumb\",\"itemListElement\":[{\"@type\":\"ListItem\",\"position\":1,\"name\":\"Dom\u016f\",\"item\":\"https:\\\/\\\/www.czechspaceweek.com\\\/en\\\/\"},{\"@type\":\"ListItem\",\"position\":2,\"name\":\"Events\",\"item\":\"https:\\\/\\\/www.czechspaceweek.com\\\/en\\\/akce-czechspace\\\/\"},{\"@type\":\"ListItem\",\"position\":3,\"name\":\"Welcome flight of the Sherpa rocket\"}]},{\"@type\":\"WebSite\",\"@id\":\"https:\\\/\\\/www.czechspaceweek.com\\\/#website\",\"url\":\"https:\\\/\\\/www.czechspaceweek.com\\\/\",\"name\":\"Czech Space Week\",\"description\":\"Czech Space Week p\u0159ipravuje Agentura CzechInvest a Ministerstvo dopravy \u010cR. Jedn\u00e1 se o nejv\u011bt\u0161\u00ed akci zam\u011b\u0159enou na kosmick\u00e9 aktivity v \u010cesku.\",\"publisher\":{\"@id\":\"https:\\\/\\\/www.czechspaceweek.com\\\/#organization\"},\"potentialAction\":[{\"@type\":\"SearchAction\",\"target\":{\"@type\":\"EntryPoint\",\"urlTemplate\":\"https:\\\/\\\/www.czechspaceweek.com\\\/?s={search_term_string}\"},\"query-input\":{\"@type\":\"PropertyValueSpecification\",\"valueRequired\":true,\"valueName\":\"search_term_string\"}}],\"inLanguage\":\"en-US\"},{\"@type\":\"Organization\",\"@id\":\"https:\\\/\\\/www.czechspaceweek.com\\\/#organization\",\"name\":\"Czech Space Week\",\"url\":\"https:\\\/\\\/www.czechspaceweek.com\\\/\",\"logo\":{\"@type\":\"ImageObject\",\"inLanguage\":\"en-US\",\"@id\":\"https:\\\/\\\/www.czechspaceweek.com\\\/#\\\/schema\\\/logo\\\/image\\\/\",\"url\":\"https:\\\/\\\/www.czechspaceweek.com\\\/wp-content\\\/uploads\\\/2024\\\/05\\\/CzechSpaceWeek-logo-548px.png\",\"contentUrl\":\"https:\\\/\\\/www.czechspaceweek.com\\\/wp-content\\\/uploads\\\/2024\\\/05\\\/CzechSpaceWeek-logo-548px.png\",\"width\":548,\"height\":548,\"caption\":\"Czech Space Week\"},\"image\":{\"@id\":\"https:\\\/\\\/www.czechspaceweek.com\\\/#\\\/schema\\\/logo\\\/image\\\/\"}}]}<\/script>\n<!-- \/ Yoast SEO plugin. -->","yoast_head_json":{"title":"Welcome flight of the Sherpa rocket - Czech Space Week","robots":{"index":"index","follow":"follow","max-snippet":"max-snippet:-1","max-image-preview":"max-image-preview:large","max-video-preview":"max-video-preview:-1"},"canonical":"https:\/\/www.czechspaceweek.com\/en\/akce-czechspace\/welcome-flight-of-the-sherpa-rocket\/","og_locale":"en_US","og_type":"article","og_title":"Welcome flight of the Sherpa rocket - Czech Space Week","og_description":"We cordially invite you to launch of &#8220;Sherpa&#8221; rocket to start the 2023-2024 devepolment year. The sart wil take place on Sunday 26.11. between 13:00 and 16:00 Brno-Medl\u00e1nky airport. * weather dependent","og_url":"https:\/\/www.czechspaceweek.com\/en\/akce-czechspace\/welcome-flight-of-the-sherpa-rocket\/","og_site_name":"Czech Space Week","twitter_card":"summary_large_image","schema":{"@context":"https:\/\/schema.org","@graph":[{"@type":"WebPage","@id":"https:\/\/www.czechspaceweek.com\/en\/akce-czechspace\/welcome-flight-of-the-sherpa-rocket\/","url":"https:\/\/www.czechspaceweek.com\/en\/akce-czechspace\/welcome-flight-of-the-sherpa-rocket\/","name":"Welcome flight of the Sherpa rocket - Czech Space Week","isPartOf":{"@id":"https:\/\/www.czechspaceweek.com\/#website"},"primaryImageOfPage":{"@id":"https:\/\/www.czechspaceweek.com\/en\/akce-czechspace\/welcome-flight-of-the-sherpa-rocket\/#primaryimage"},"image":{"@id":"https:\/\/www.czechspaceweek.com\/en\/akce-czechspace\/welcome-flight-of-the-sherpa-rocket\/#primaryimage"},"thumbnailUrl":"https:\/\/www.czechspaceweek.com\/wp-content\/uploads\/2023\/11\/sherpa-rocket.jpg","datePublished":"2023-11-23T10:00:04+00:00","breadcrumb":{"@id":"https:\/\/www.czechspaceweek.com\/en\/akce-czechspace\/welcome-flight-of-the-sherpa-rocket\/#breadcrumb"},"inLanguage":"en-US","potentialAction":[{"@type":"ReadAction","target":["https:\/\/www.czechspaceweek.com\/en\/akce-czechspace\/welcome-flight-of-the-sherpa-rocket\/"]}]},{"@type":"ImageObject","inLanguage":"en-US","@id":"https:\/\/www.czechspaceweek.com\/en\/akce-czechspace\/welcome-flight-of-the-sherpa-rocket\/#primaryimage","url":"https:\/\/www.czechspaceweek.com\/wp-content\/uploads\/2023\/11\/sherpa-rocket.jpg","contentUrl":"https:\/\/www.czechspaceweek.com\/wp-content\/uploads\/2023\/11\/sherpa-rocket.jpg","width":906,"height":906},{"@type":"BreadcrumbList","@id":"https:\/\/www.czechspaceweek.com\/en\/akce-czechspace\/welcome-flight-of-the-sherpa-rocket\/#breadcrumb","itemListElement":[{"@type":"ListItem","position":1,"name":"Dom\u016f","item":"https:\/\/www.czechspaceweek.com\/en\/"},{"@type":"ListItem","position":2,"name":"Events","item":"https:\/\/www.czechspaceweek.com\/en\/akce-czechspace\/"},{"@type":"ListItem","position":3,"name":"Welcome flight of the Sherpa rocket"}]},{"@type":"WebSite","@id":"https:\/\/www.czechspaceweek.com\/#website","url":"https:\/\/www.czechspaceweek.com\/","name":"Czech Space Week","description":"Czech Space Week p\u0159ipravuje Agentura CzechInvest a Ministerstvo dopravy \u010cR. Jedn\u00e1 se o nejv\u011bt\u0161\u00ed akci zam\u011b\u0159enou na kosmick\u00e9 aktivity v \u010cesku.","publisher":{"@id":"https:\/\/www.czechspaceweek.com\/#organization"},"potentialAction":[{"@type":"SearchAction","target":{"@type":"EntryPoint","urlTemplate":"https:\/\/www.czechspaceweek.com\/?s={search_term_string}"},"query-input":{"@type":"PropertyValueSpecification","valueRequired":true,"valueName":"search_term_string"}}],"inLanguage":"en-US"},{"@type":"Organization","@id":"https:\/\/www.czechspaceweek.com\/#organization","name":"Czech Space Week","url":"https:\/\/www.czechspaceweek.com\/","logo":{"@type":"ImageObject","inLanguage":"en-US","@id":"https:\/\/www.czechspaceweek.com\/#\/schema\/logo\/image\/","url":"https:\/\/www.czechspaceweek.com\/wp-content\/uploads\/2024\/05\/CzechSpaceWeek-logo-548px.png","contentUrl":"https:\/\/www.czechspaceweek.com\/wp-content\/uploads\/2024\/05\/CzechSpaceWeek-logo-548px.png","width":548,"height":548,"caption":"Czech Space Week"},"image":{"@id":"https:\/\/www.czechspaceweek.com\/#\/schema\/logo\/image\/"}}]}},"_links":{"self":[{"href":"https:\/\/www.czechspaceweek.com\/en\/wp-json\/wp\/v2\/mec-events\/88072","targetHints":{"allow":["GET"]}}],"collection":[{"href":"https:\/\/www.czechspaceweek.com\/en\/wp-json\/wp\/v2\/mec-events"}],"about":[{"href":"https:\/\/www.czechspaceweek.com\/en\/wp-json\/wp\/v2\/types\/mec-events"}],"author":[{"embeddable":true,"href":"https:\/\/www.czechspaceweek.com\/en\/wp-json\/wp\/v2\/users\/8"}],"replies":[{"embeddable":true,"href":"https:\/\/www.czechspaceweek.com\/en\/wp-json\/wp\/v2\/comments?post=88072"}],"version-history":[{"count":0,"href":"https:\/\/www.czechspaceweek.com\/en\/wp-json\/wp\/v2\/mec-events\/88072\/revisions"}],"wp:featuredmedia":[{"embeddable":true,"href":"https:\/\/www.czechspaceweek.com\/en\/wp-json\/wp\/v2\/media\/88070"}],"wp:attachment":[{"href":"https:\/\/www.czechspaceweek.com\/en\/wp-json\/wp\/v2\/media?parent=88072"}],"wp:term":[{"taxonomy":"post_tag","embeddable":true,"href":"https:\/\/www.czechspaceweek.com\/en\/wp-json\/wp\/v2\/tags?post=88072"},{"taxonomy":"mec_category","embeddable":true,"href":"https:\/\/www.czechspaceweek.com\/en\/wp-json\/wp\/v2\/mec_category?post=88072"}],"curies":[{"name":"wp","href":"https:\/\/api.w.org\/{rel}","templated":true}]}}

<p>We cordially invite you to launch of &#8220;Sherpa&#8221; rocket to start the 2023-2024 devepolment year.</p>
<p>The sart wil take place on Sunday 26.11. between 13:00 and 16:00 Brno-Medlánky airport.<br />
* weather dependent</p>

<p>We cordially invite you to launch of &#8220;Sherpa&#8221; rocket to start the 2023-2024 devepolment year. The sart wil take place on Sunday 26.11. between 13:00 and 16:00 Brno-Medlánky airport. * weather dependent</p>

<!-- This site is optimized with the Yoast SEO plugin v27.5 - https://yoast.com/product/yoast-seo-wordpress/ -->
<title>Welcome flight of the Sherpa rocket - Czech Space Week</title>
<meta name="robots" content="index, follow, max-snippet:-1, max-image-preview:large, max-video-preview:-1" />
<link rel="canonical" href="https://www.czechspaceweek.com/en/akce-czechspace/welcome-flight-of-the-sherpa-rocket/" />
<meta property="og:locale" content="en_US" />
<meta property="og:type" content="article" />
<meta property="og:title" content="Welcome flight of the Sherpa rocket - Czech Space Week" />
<meta property="og:description" content="We cordially invite you to launch of &#8220;Sherpa&#8221; rocket to start the 2023-2024 devepolment year. The sart wil take place on Sunday 26.11. between 13:00 and 16:00 Brno-Medlánky airport. * weather dependent" />
<meta property="og:url" content="https://www.czechspaceweek.com/en/akce-czechspace/welcome-flight-of-the-sherpa-rocket/" />
<meta property="og:site_name" content="Czech Space Week" />
<meta name="twitter:card" content="summary_large_image" />
<script type="application/ld+json" class="yoast-schema-graph">{"@context":"https:\/\/schema.org","@graph":[{"@type":"WebPage","@id":"https:\/\/www.czechspaceweek.com\/en\/akce-czechspace\/welcome-flight-of-the-sherpa-rocket\/","url":"https:\/\/www.czechspaceweek.com\/en\/akce-czechspace\/welcome-flight-of-the-sherpa-rocket\/","name":"Welcome flight of the Sherpa rocket - Czech Space Week","isPartOf":{"@id":"https:\/\/www.czechspaceweek.com\/#website"},"primaryImageOfPage":{"@id":"https:\/\/www.czechspaceweek.com\/en\/akce-czechspace\/welcome-flight-of-the-sherpa-rocket\/#primaryimage"},"image":{"@id":"https:\/\/www.czechspaceweek.com\/en\/akce-czechspace\/welcome-flight-of-the-sherpa-rocket\/#primaryimage"},"thumbnailUrl":"https:\/\/www.czechspaceweek.com\/wp-content\/uploads\/2023\/11\/sherpa-rocket.jpg","datePublished":"2023-11-23T10:00:04+00:00","breadcrumb":{"@id":"https:\/\/www.czechspaceweek.com\/en\/akce-czechspace\/welcome-flight-of-the-sherpa-rocket\/#breadcrumb"},"inLanguage":"en-US","potentialAction":[{"@type":"ReadAction","target":["https:\/\/www.czechspaceweek.com\/en\/akce-czechspace\/welcome-flight-of-the-sherpa-rocket\/"]}]},{"@type":"ImageObject","inLanguage":"en-US","@id":"https:\/\/www.czechspaceweek.com\/en\/akce-czechspace\/welcome-flight-of-the-sherpa-rocket\/#primaryimage","url":"https:\/\/www.czechspaceweek.com\/wp-content\/uploads\/2023\/11\/sherpa-rocket.jpg","contentUrl":"https:\/\/www.czechspaceweek.com\/wp-content\/uploads\/2023\/11\/sherpa-rocket.jpg","width":906,"height":906},{"@type":"BreadcrumbList","@id":"https:\/\/www.czechspaceweek.com\/en\/akce-czechspace\/welcome-flight-of-the-sherpa-rocket\/#breadcrumb","itemListElement":[{"@type":"ListItem","position":1,"name":"Domů","item":"https:\/\/www.czechspaceweek.com\/en\/"},{"@type":"ListItem","position":2,"name":"Events","item":"https:\/\/www.czechspaceweek.com\/en\/akce-czechspace\/"},{"@type":"ListItem","position":3,"name":"Welcome flight of the Sherpa rocket"}]},{"@type":"WebSite","@id":"https:\/\/www.czechspaceweek.com\/#website","url":"https:\/\/www.czechspaceweek.com\/","name":"Czech Space Week","description":"Czech Space Week připravuje Agentura CzechInvest a Ministerstvo dopravy ČR. Jedná se o největší akci zaměřenou na kosmické aktivity v Česku.","publisher":{"@id":"https:\/\/www.czechspaceweek.com\/#organization"},"potentialAction":[{"@type":"SearchAction","target":{"@type":"EntryPoint","urlTemplate":"https:\/\/www.czechspaceweek.com\/?s={search_term_string}"},"query-input":{"@type":"PropertyValueSpecification","valueRequired":true,"valueName":"search_term_string"}}],"inLanguage":"en-US"},{"@type":"Organization","@id":"https:\/\/www.czechspaceweek.com\/#organization","name":"Czech Space Week","url":"https:\/\/www.czechspaceweek.com\/","logo":{"@type":"ImageObject","inLanguage":"en-US","@id":"https:\/\/www.czechspaceweek.com\/#\/schema\/logo\/image\/","url":"https:\/\/www.czechspaceweek.com\/wp-content\/uploads\/2024\/05\/CzechSpaceWeek-logo-548px.png","contentUrl":"https:\/\/www.czechspaceweek.com\/wp-content\/uploads\/2024\/05\/CzechSpaceWeek-logo-548px.png","width":548,"height":548,"caption":"Czech Space Week"},"image":{"@id":"https:\/\/www.czechspaceweek.com\/#\/schema\/logo\/image\/"}}]}</script>
<!-- / Yoast SEO plugin. -->

We cordially invite you to launch of &#8220;Sherpa&#8221; rocket to start the 2023-2024 devepolment year. The sart wil take place on Sunday 26.11. between 13:00 and 16:00 Brno-Medlánky airport. * weather dependent

Domů

Czech Space Week připravuje Agentura CzechInvest a Ministerstvo dopravy ČR. Jedná se o největší akci zaměřenou na kosmické aktivity v Česku.
